 units digit of p?
5
Suppose -4*o - 20 = -9*o. Let g(u) = 7*u**2 - 6*u - 1. What is the units digit of g(o)?
7
Suppose -2646 = -3*s - 0*s. Suppose 12*l - 2850 = -s. What is the units digit of l?
4
Suppose -3*c + 210 = -13*c. What is the hundreds digit of (3/4)/(c/(-5348))?
1
Suppose -5*k + 4*m + 3519 = 0, -2*k - m = -1056 - 362. What is the hundreds digit of k?
7
Suppose -q - 14 = -5*b, 4*b - 2*b - 4*q = 2. Suppose c = b*c - 146. What is the units digit of c?
3
Suppose -3*x = 1718 - 8891. What is the units digit of x?
1
Let v(n) = -4 - 3 - 13*n - 2 - 6. Let f be v(-12). Suppose -3*y = 3*p - 192, f = 2*y - 2*p + 1. What is the units digit of y?
7
Let s be (-86)/5*(-10)/4. Suppose 3*f - 4*f = -s. What is the units digit of f?
3
Let m = 750 + -477. What is the tens digit of m?
7
Suppose 0 = 15*p - 1229 - 1381. What is the units digit of p?
4
Let s(j) = 15*j**2 + 31*j + 301. What is the tens digit of s(-15)?
1
Let n(w) = 9*w**3 - 2*w**2 - w - 2. Let g be (-6)/(-4)*(1 + 1). Let z be 1/2*(g + 1). What is the tens digit of n(z)?
6
What is the units digit of 0*5/25 - 2/(-1)?
2
What is the tens digit of 180646/205 + 1 + 6/(-5)?
8
Let a be (9 - 1)*(-21)/28. Let s be 1/3 + 200/a. Let j = -24 - s. What is the units digit of j?
9
Let x be 0 + 1 + 4 + 0. What is the tens digit of 2016/40 - (-3)/x?
5
Let s(h) = 2*h**2 + 9*h + 7. Suppose 56 = -39*t + 46*t. What is the tens digit of s(t)?
0
Let h = 95 + -10. Suppose 0 = -91*w + 96*w - 25. Suppose 3*a = w*r + h, 5*a - 119 = -3*r - 0*r. What is the tens digit of a?
2
Let j = -507 + 738. Let a = 324 - j. What is the tens digit of a?
9
Let h(b) = b**2 + 21*b - 79. What is the hundreds digit of h(-33)?
3
Let a = 38 - 28. Suppose 5*s + 445 = a*s. What is the tens digit of s?
8
Let z = -214 - -320. What is the hundreds digit of z?
1
Let y be 1/((-12)/(-8))*3. Suppose -2*i + y*t + 98 = 0, 44 = i - 4*t + 2*t. Suppose 289 - i = 5*w. What is the tens digit of w?
4
Let k be (11 - 14)/((-3)/2). Suppose -5*l - 2*t = -655, 3*t = -k*l + 6*l - 524. Suppose 0 = 3*x - l - 22. What is the units digit of x?
1
Let y = 9 + -17. Let v = y + 14. Suppose 96 + v = 2*l. What is the units digit of l?
1
Let b(z) = z**3 - 3*z**2 + 2*z. Let h be b(3). Suppose 3*r = -h, 0 = 4*k + 5*r - r - 488. What is the units digit of k?
4
Suppose l = 3*i - 55 - 285, 3*l = 4*i - 450. What is the units digit of i?
4
Suppose -5*g = 22 - 322. Suppose q + 3*q = -4*i - g, -i = 3. Let h = 17 + q. What is the units digit of h?
5
Let i = 362 - 172. What is the hundreds digit of i?
1
Let v = -10 + 12. Suppose 2*j + j + 15 = 0, 2*j = -3*p - 4. Suppose -v*c = p - 52. What is the tens digit of c?
2
Let c = 54 - -155. What is the tens digit of c?
0
Suppose -a - 20 = -5*m, -3*m + 4*a - 13 = -42. Let d = 17 - m. What is the units digit of d?
4
Suppose -x + 8 = 3*u - 2*u, -2*u + x = -4. Suppose 0 = -u*h + 4*y - 2*y - 28, y = 5*h + 38. What is the units digit of (-25 - -1)*(7 + h)?
4
Let h = 74 - 122. Let p = h + 67. What is the tens digit of p?
1
Let u be (-56)/(-2)*1/4. Suppose 5*p + y - 7 = 0, 4 + u = 4*p - y. Suppose -5*g = 25, p*k - k - g - 15 = 0. What is the tens digit of k?
1
Let j be 30/(-6)*(-27)/15. Let o = j + 3. Suppose 0 = 6*r - 5*r - o. What is the units digit of r?
2
Suppose 0 = -2*o - o + 2*n + 9, 3*o + 2*n = 21. Suppose b - 3*b = d - 99, o*d - 507 = 2*b. Suppose 6*c - d = 49. What is the tens digit of c?
2
Let u = -2158 - -4049. What is the units digit of u?
1
Let d(b) = -220*b + 139. What is the units digit of d(-6)?
9
Let b(r) = -r**2 + 9*r + 6. Let t(j) = -j**3 + 3*j**2 + j + 1. Let z be t(2). Let y be b(z). What is the units digit of (-296)/(-10) - (-8)/y?
0
What is the hundreds digit of 144/(-10)*(-114730)/447?
6
Let b = -4 - -6. What is the tens digit of 0 + 5/((-5)/(-47))*b?
9
Let j(n) = 2*n**2 + 8*n - 1. Suppose -6*k = -4*k + 14. Let o be j(k). Let d = o - 3. What is the tens digit of d?
3
Let s(t) = -t + 5. Let f be s(3). Suppose -f*z - 26 + 76 = 0. Suppose 5*y = 6*y - z. What is the units digit of y?
5
Suppose 615 = l + 4*h, 611 = -3*l + 4*l + 3*h. What is the hundreds digit of l?
5
Suppose b = 5*b - 12. Suppose -29 - 7 = -b*h. What is the tens digit of h?
1
What is the tens digit of -5 - (-428 - (18 - 8))?
3
Let b(j) = 4*j**3 - j**2 + 6*j - 5. Let o be b(1). Suppose -602 = -o*u + 358. What is the tens digit of u?
4
Let i = 43 + -39. Suppose -2*z + 4*q + 58 = 0, -i*z + 7*z - 2*q = 67. What is the units digit of z?
9
Suppose 4*s + 0 = -16. What is the tens digit of (-342)/(-24) + 1/s?
1
What is the tens digit of (-3 + 7)/((-9)/(-9279))?
2
Let v be 387/(-81) + (-4)/18. Let k(j) = j**3 + 6*j**2 + 2*j - 5. Let r be k(v). Suppose w = 4 + r. What is the units digit of w?
4
Suppose 3*j + 4*z = 22, -2*z = -2*j + 2*z - 12. Suppose 2*h = -14 + 22. Suppose -2*t = j*v - 116, t = h*v - 2*t - 232. What is the tens digit of v?
5
Let d = -469 - -255. Let w = 104 - d. What is the hundreds digit of w?
3
Suppose -4*y - 2*y = -174. Suppose 102 + y = 2*a - 3*q, 4*a - 266 = 2*q. What is the units digit of a?
7
Let p(l) = 7*l**2 + 6*l + 1. Let d be p(5). What is the units digit of d/3*57/38?
3
Suppose 0 = 5*y - 5*a - 55, -2*y - 3*a - 2 = -4. Suppose 3*w = y*w - 44. Let u = w - 2. What is the units digit of u?
9
Suppose 9*r = 3*r + 1476. Suppose 5*l + l = r. What is the units digit of l?
1
Let t(q) = -306*q + 14. Let m be t(-2). Suppose -9*r - p = -6*r - 935, -2*r + 2*p = -m. What is the hundreds digit of r?
3
Suppose 14*j = j + 130. Let v = 36 + j. What is the tens digit of v?
4
Let u be 111/12 + (-5)/20. Suppose -12*l = -u*l - 75. What is the tens digit of l?
2
Let x = -16 - -29. Let n = -9 + x. Suppose -h - n*i + 3*i = -49, -4*h = -2*i - 178. What is the tens digit of h?
4
Let l(c) = -5*c + 175. What is the hundreds digit of l(-8)?
2
Let n(o) = -35*o - 42. What is the hundreds digit of n(-14)?
4
Suppose 93552 = 85*s - 5473. What is the thousands digit of s?
1
Let f(l) be the first derivative of 2*l**3/3 + 11*l + 6. What is the tens digit of f(-6)?
8
Suppose 4*x - 184 = -2*d, -d = 2*d + 5*x - 271. What is the units digit of d?
2
Let t = -83 - -80. Let s(r) = r**3 - r + 29. Let b be s(0). Let m = t + b. What is the tens digit of m?
2
Suppose 2*g - 14 = -2*q, -11 = 2*q - 7*g + 4*g. Suppose -2*i + 5 = -s, -5*s - q*i - 54 = -17. Let p(x) = x**2 + x + 6. What is the tens digit of p(s)?
4
Suppose -4*a + 5*a + 9 = 0. Let b = 13 - a. Suppose -b - 153 = -5*h. What is the tens digit of h?
3
Let h = -6914 + 11356. What is the tens digit of h?
4
Let l = 58 + -106. Let a = l + 68. What is the tens digit of a?
2
Suppose -3*z + 11917 = 36*o - 34*o, -4*o = -3*z + 11887. What is the units digit of z?
9
What is the tens digit of (231/(-2))/(61/(-244))?
6
Suppose -142 - 278 = 5*c. Let k = c - -146. Let x = 89 - k. What is the tens digit of x?
2
Let l = -5798 + 8381. What is the tens digit of l?
8
Let v be (-51)/6*-20 - 4. Let t = v + -87. What is the units digit of t?
9
Let w(k) = -3*k - 3*k + 0*k + 5*k + 48. Let v(d) = d - 49. Let l(f) = 5*v(f) + 6*w(f). What is the units digit of l(0)?
3
Let r(i) = -2 - 7 + 0*i + 3*i. Let s be r(-7). Let o = -7 - s. What is the units digit of o?
3
Let n be (-14)/7 - -5*1. Suppose 8 = n*f + 5*q - 14, 5*f + q = 22. Suppose 7*i = f*i + 3*a + 156, 253 = 5*i + 2*a. What is the units digit of i?
1
What is the tens digit of -2*1/(-13) + 457776/2574?
7
Let f(g) = -g - 1. Let b be f(-3). Suppose -h + 4*w = -12 - 73, 4*h + b*w - 322 = 0. Let a = h + -57. What is the tens digit of a?
2
Let v = 7 + -6. Let y be (v + -2)/(1/(-8)). What is the units digit of (-2 - (-12)/y)*-4?
2
Suppose 4740 = 6*x - 4326. What is the thousands digit of x?
1
Let i = -7 - -16. Let m = i + -7. Suppose -m*q = 12 - 48. What is the units digit of q?
8
What is the thousands digit of ((-50762)/(-3))/17*27/6?
4
Let q(u) = u - 23. Let s be q(7). What is the units digit of (690/40)/((-3)/s)?
2
Let q = 200 - 49. What is the hundreds digit of q?
1
Let r be ((-2)/4)/(8/16) - 1. Let q(k) = 22*k**2 + 2. What is the tens digit of q(r)?
9
Let i(c) be the second derivative of c**3 - 7*c - 3/2*c**2 + 0. What is the units digit of i(2)?
9
Let o = -374 - -626. Suppose -5*g + o = g. Suppose 0 = -3*m - 0*m + g. What is the tens digit of m?
1
Suppose 0 = 21*r - 26*r + 6300. What is the hundreds digit